{"id":24,"date":"2012-12-18T15:55:01","date_gmt":"2012-12-18T15:55:01","guid":{"rendered":"http:\/\/www.akademijazdravlja.com\/cms\/?page_id=24"},"modified":"2018-01-07T18:13:35","modified_gmt":"2018-01-07T17:13:35","slug":"iscjeljenje","status":"publish","type":"page","link":"https:\/\/www.akademijazdravlja.com\/cms\/iscjeljenje\/","title":{"rendered":"Iscjeljivanje"},"content":{"rendered":"<p style=\"text-align: justify;\"><a style=\"text-align: justify;\" href=\"https:\/\/www.akademijazdravlja.com\/cms\/wp-content\/uploads\/2012\/12\/iscjeljenje-Akademija-Zdravlja.png\"><img loading=\"lazy\" decoding=\"async\" class=\"aligncenter size-full wp-image-333\" title=\"iscjeljenje \" src=\"https:\/\/www.akademijazdravlja.com\/cms\/wp-content\/uploads\/2012\/12\/iscjeljenje-Akademija-Zdravlja.png\" alt=\"iscjeljenje\" width=\"523\" height=\"315\" srcset=\"https:\/\/www.akademijazdravlja.com\/cms\/wp-content\/uploads\/2012\/12\/iscjeljenje-Akademija-Zdravlja.png 523w, https:\/\/www.akademijazdravlja.com\/cms\/wp-content\/uploads\/2012\/12\/iscjeljenje-Akademija-Zdravlja-300x180.png 300w\" sizes=\"auto, (max-width: 523px) 100vw, 523px\" \/><\/a><\/p>\n<p>Iscjeljivanje podrazumijeva djelovanje na energetski tok u tijelu pojedinog klijenta. U\u010dinak iscjeljivanja je uo\u010dljiv na fizi\u010dkom tijelu, u vidu smanjenja i prestanka bolova, osje\u0107aja lako\u0107e u tijelu te pove\u0107anja svijesti.<\/p>\n<p>Uspje\u0161no iscjeljenje zna\u010di ozdravljenje u pravom smislu te rije\u010di.<\/p>\n<p>Cilj takvih aktivnosti je dovo\u0111enje klijenta do samoiscjeljenja i samoozdravljenja.<\/p>\n<p>U svrhu aktiviranja procesa iscjeljenja terapija prema Da-MIR metodi izvodi se na slijede\u0107a 3 na\u010dina ovisno o broju sudionika:<\/p>\n<p>&nbsp;<\/p>\n<p><em><strong>Individualna terapija<\/strong><\/em><\/p>\n<p>Najzna\u010dajnija<strong> prednost individualne terapije jest direktna komunikacija<\/strong> (verbalna i neverbalna) s terapeutom o osobnim, intimnim te \u010desto i samom klijentu skrivenim \u017eivotnim situacijama. Fizi\u010dka bol koja je prisutna kod klijenta ne mora biti uzrokovana fizi\u010dkom ozljedom. Ve\u0107ina bolesti je psihosomatskog karaktera. Pojedini doga\u0111aji ili stav naspram tih doga\u0111aja u ve\u0107ini slu\u010dajeva uzrokuju fizi\u010dke boli, a potom i bolesti u tijelu klijenta. Tako su primjerice glavobolje povezane sa stanjem \u017eeluca, bol u bubrezima s razumijevanjem \u017eivotnih situacija, bolovi u srcu s nemogu\u0107no\u0161\u0107u regeneracije osoba u pojedinim \u017eivotnim situacijama te \u00a0su u najve\u0107oj mjeri povezani s odlukama koje klijent nije mogao ili nije htio donijeti \u00a0u trenutku kada je to bilo neophodno. Klijent je tijekom tretmana najiskreniji i to prema samome sebi. Glas koji \u010duje kada &#8220;sam sebe slu\u0161a&#8221; je okida\u010d za promjenu koja nastupa trenutno tijekom terapije. Prilikom individualnog razgovora terapeut metodom bez dodira djeluje na klijenta kako bi se dobilo dovoljno informacija u \u0161to kra\u0107e vrijeme. Koli\u010dina &#8220;skrivenih&#8221; informacija koja se izgovara uskla\u0111uje se s omjerom kojeg tijelo klijenta mo\u017ee prihvatiti tijekom jedne terapije.<\/p>\n<p>Tako\u0111er, tijekom individualnog tretmana dogovara se izbor tehnika i obja\u0161njava njihovo djelovanje kod otklanjanja informacija\/prepreka otkrivenih tijekom individualne terapije te se iste prilago\u0111avaju klijentu u njemu odgovaraju\u0107e vrijeme.<\/p>\n<p style=\"text-align: justify;\"><a title=\"Kontakt\" href=\"https:\/\/www.akademijazdravlja.com\/cms\/kontakt\/\">Po\u0161aljite upit i odmah rezervirajte svoj termin.<\/a><\/p>\n<p><em><strong>Grupna terapija\u00a0 &#8211;\u00a0 od 5 do 15 sudionika<\/strong><\/em><\/p>\n<p>Grupna se terapija provodi izme\u0111u terapeuta i 5 do 15 klijenata. Tretman je podijeljen u dva dijela. Prvi dio rada odnosi se na me\u0111usobnu komunikaciju svih prisutnih dok se u drugom dijelu vodi zajedni\u010dka meditacija.<\/p>\n<p>Meditaciju koristimo kako bi u \u0161to kra\u0107em vremenu iscijelili svoja energetska tijela i uskladili ih s fizi\u010dkim tijelom. Na\u0161a je eteri\u010dna tijela, dakle, potrebno &#8220;o\u010distiti&#8221;. Najjednostavniji na\u010din \u010di\u0161\u0107enja je skladno disanje. <strong>Disanjem omogu\u0107avamo sklad prirodnog i duhovnog iscjeljivanja u na\u0161im tijelima.<\/strong> Tokom meditacije primijetit \u0107emo da se brzina disanja mijenja \u0161to odgovara na\u010dinu iscjeljivanja. Prednost je u tome \u0161to nitko ne mo\u017ee utjecati na na\u0161e osobno iscjeljenje jer je na\u010din na koji di\u0161emo svojstven samo nama. Stoga je svako iscjeljenje putem disanja specifi\u010dno i prilago\u0111eno na najbolji mogu\u0107i na\u010din svakoj pojedinoj osobi.<\/p>\n<p><strong>Prednost rada u grupi<\/strong> je\u00a0 u tome \u0161to tijekom komunikacije i rje\u0161avanja problemati\u010dne situacije jednog \u010dlana dolazi do aktiviranja okida\u010da za promjenu i kod drugih \u010dlanova grupe na na\u010din da isti &#8220;prepoznaju&#8221; situaciju pojedinca u situacijama koje su imali u \u017eivotu.<\/p>\n<p>U grupnom radu tijekom uklanjanja prepreka osloba\u0111a se negativna energija iz tijela\u00a0 te\u00a0 to stvara reakciju u obliku minimalne boli. Intenzitet boli je manji\u00a0nego kod individualnog rada te je ista kratkotrajnija.<\/p>\n<p>Ovakvim na\u010dinom rada osoba tijekom tretmana mo\u017ee biti &#8220;pasivna&#8221; tj. mo\u017ee biti samo &#8220;slu\u0161a\u010d&#8221; \u0161to zna\u010di da je okrenuta prema sebi i do\u017eivljava promjene intenzivno unutar sebe. Kod stidljivih i introvertiranih osoba ovo je vrlo dobar na\u010din za aktiviranje procesa samoozdravljenja i samoiscjeljenja.<\/p>\n<p>U drugom dijelu grupnog rada na red dolazi <strong>vo\u0111ena meditacija<\/strong>. Cilj ovog na\u010dina rada je da se meditativnim putem usklade energetska tijela s fizi\u010dkim. Posebnim znanjima osigurava se i djelovanje na energetska tijela i dozvoljava se svemiru da energetski djeluje na cijeli sklop fizi\u010dkog-energetskog-duhovnog tijela osobe.<\/p>\n<p><em><strong>Meditativne grupe \u2013\u00a0 vi\u0161e od 15 sudionika<\/strong><\/em><\/p>\n<p>Meditativne grupe idealne su za laganu, dugoro\u010dnu i kvalitetnu promjenu u \u017eivotu.<\/p>\n<p>Kod ve\u0107ih grupa obradi se jedna manja tema ili doga\u0111aj iz \u017eivota koji slu\u017ei za energetsko otvaranje i dobivanje novih rje\u0161enja za situacije u koje \u010desto ulazimo u \u017eivotu.<\/p>\n<p>Tijek meditacije ovisi o grupi (svaka grupa ima svoju energiju) i o temi izlaganja.\u00a0 Energija meditacije je univerzalna i prikladna za sve sudionike dok su djelovanje i u\u010dinak iste specifi\u010dni za svakog pojedinca: toplina, osloba\u0111anje napetosti, pojava (laganog, ponekad i ugodnog) gr\u010da, trnci, lako\u0107a ili te\u017eina udova, a ponekad i otvaranje vidovitosti i do\u017eivljaj izvantjelesnih iskustava.<\/p>\n<p>Meditiranje mo\u017ee biti usmjereno na otklanjanje fizi\u010dkih bolova, koli\u010dine misli ili emocionalnih zastoja.<\/p>\n<p>Prema dosada\u0161njem iskustvu polaznika na\u0161ih meditacija dostatno je jednom mjese\u010dno prisustvovati meditaciji \u010dime se osigurava snaga i energija za kvalitetan i efikasan rad tijekom narednog perioda.<\/p>\n<p style=\"text-align: justify;\"><a title=\"Doga\u0111anja\" href=\"https:\/\/www.akademijazdravlja.com\/cms\/dogadanja\/\">Pogledajte termine i <strong>lokacije na\u0161ih grupnih meditacija<\/strong><\/a> ili jednostavno <a title=\"Kontakt\" href=\"https:\/\/www.akademijazdravlja.com\/cms\/kontakt\/\">po\u0161aljite upit i dogovorite va\u0161u <strong>privatnu grupu<\/strong> na lokaciji po va\u0161em izboru.<\/a><\/p>\n<p style=\"text-align: justify;\" align=\"center\"><strong><em>Iscjeljenje Da \u2013 MIR metodom\u00a0<\/em><\/strong><strong><em>&#8211; aktiviranje procesa samoiscjeljenja i samoozdravljenja pokretanjem energija u tijelu.<\/em><\/strong><\/p>\n<p>Da \u2013 MIR metoda iscjeljivanja uklju\u010duje niz tehnika, metoda, vje\u0161tina i znanja kojima se uklanjaju prepreke i dovodi se kvalitetna energija u tijelo klijenta. Metoda jednako djeluje kako na fizi\u010dkom tako i na energetskim tijelima.<\/p>\n<p>Ve\u0107 prilikom prvog susreta izme\u0111u terapeuta i klijenta definira se cilj koji klijent \u017eeli posti\u0107i, a shodno tome terapeut odre\u0111uje aktivnosti i postupke kojima \u0107e se do istoga do\u0107i.<\/p>\n<p>Dosada\u0161njim vi\u0161egodi\u0161njim radom i iskustvom utvrdili smo kako su rezultati postignuti ve\u0107 nakon nekoliko terapija daleko ve\u0107i od ciljeva postavljenih na prvom susretu.<\/p>\n<p>Ipak, najbolje rezultate posti\u017eu oni klijenti koji su osim prisustvovanja na terapiji spremni i sami u\u010diniti adekvatne promjene u na\u010dinu \u017eivota.<\/p>\n<p style=\"text-align: justify;\"><strong>Tehnike Da-MIR metode<\/strong> koje se koriste tijekom terapije :<\/p>\n<p>&nbsp;<\/p>\n<p><em><strong>Intervju<\/strong><\/em><br \/>\nTijekom verbalne komunikacije koriste se znanja iz psihologije te modeli neurolingvisti\u010dkog programiranja (NLP) koji slu\u017ee za definiranje uzroka boli\/bolesti. Kori\u0161tenjem ovih modela, vrijeme potrebno za &#8220;dobivanje skrivenih informacija&#8221; od klijenta svodi se na minimum te je shodno tome i trajanje procesa iscjeljenja kra\u0107e.<\/p>\n<p><span style=\"text-align: justify;\"><strong>Biotenzor<\/strong><br \/>\n<\/span><\/p>\n<p><a href=\"https:\/\/www.akademijazdravlja.com\/cms\/wp-content\/uploads\/2012\/12\/tenzor-Akademija-Zdravlja.jpg\"><img loading=\"lazy\" decoding=\"async\" class=\"alignleft size-thumbnail wp-image-329\" title=\"tenzor Akademija Zdravlja\" src=\"https:\/\/www.akademijazdravlja.com\/cms\/wp-content\/uploads\/2012\/12\/tenzor-Akademija-Zdravlja-150x150.jpg\" alt=\"tenzor Akademija Zdravlja\" width=\"150\" height=\"150\" srcset=\"https:\/\/www.akademijazdravlja.com\/cms\/wp-content\/uploads\/2012\/12\/tenzor-Akademija-Zdravlja-150x150.jpg 150w, https:\/\/www.akademijazdravlja.com\/cms\/wp-content\/uploads\/2012\/12\/tenzor-Akademija-Zdravlja-90x90.jpg 90w\" sizes=\"auto, (max-width: 150px) 100vw, 150px\" \/><\/a>Dijagnostika stanja fizi\u010dkog tijela provodi se biotenzorom. Na taj se na\u010din, uz minimalan napor terapeuta dobivaju izuzetno precizni rezultati o stanju svakog organa u tijelu. Odgovori koji se dobivaju kori\u0161tenjem ove radijestezijske tehnike omogu\u0107avaju definiranje stanja energetske razine tijela i svakog pojedinog organa. Tako\u0111er osim u dijagnosti\u010dke svrhe, biotenzorom se provodi i tehnika povratka Spina (magnetski status, odnosno stanje) krvi u ispravan tok kretanja.<\/p>\n<p>&nbsp;<\/p>\n<p>Biotenzorom se u odnosu na visak posti\u017ee br\u017ee, preciznije i senzitivnije mjerenje stanja tijela.<\/p>\n<p><strong style=\"text-align: justify;\"><br \/>\n<\/strong><\/p>\n<p><strong style=\"text-align: justify;\"><em>Soul speaking<\/em><\/strong><\/p>\n<p><a href=\"https:\/\/www.akademijazdravlja.com\/cms\/wp-content\/uploads\/2012\/12\/soul-speaking-i-du\u0161a.png\"><img loading=\"lazy\" decoding=\"async\" class=\"alignleft size-thumbnail wp-image-330\" title=\"soul speaking i du\u0161a\" src=\"https:\/\/www.akademijazdravlja.com\/cms\/wp-content\/uploads\/2012\/12\/soul-speaking-i-du\u0161a-150x150.png\" alt=\"soul speaking i du\u0161a\" width=\"150\" height=\"150\" srcset=\"https:\/\/www.akademijazdravlja.com\/cms\/wp-content\/uploads\/2012\/12\/soul-speaking-i-du\u0161a-150x150.png 150w, https:\/\/www.akademijazdravlja.com\/cms\/wp-content\/uploads\/2012\/12\/soul-speaking-i-du\u0161a-90x90.png 90w\" sizes=\"auto, (max-width: 150px) 100vw, 150px\" \/><\/a>Ovom se tehnikom utvr\u0111uje smisao bi\u0107a pojedine osobe, dobiva se uvid o stanju Du\u0161e u tijelu, dijagnosticira se stanje eteri\u010dnih tijela (emocionalnog, mentalnog i duhovnog) te se utvr\u0111uju prepreke koje su u njima nastale.<\/p>\n<p>Tako\u0111er, pronalaze se prepreke koje mogu nastati na sjeci\u0161tu eteri\u010dnih tijela i fizi\u010dkog tijela.\u00a0 Aktiviranjem same tehnike po\u010dinje i iscjeljivanje organa, \u017eivotnih situacija ili odnosa.<\/p>\n<p>&nbsp;<\/p>\n<p><strong style=\"text-align: justify;\"><em>Poravnanje energija polaganjem ruku<\/em><\/strong><\/p>\n<p style=\"text-align: justify;\"><a href=\"https:\/\/www.akademijazdravlja.com\/cms\/wp-content\/uploads\/2012\/12\/polaganje-ruku-i-poravnanje-energije.png\"><img loading=\"lazy\" decoding=\"async\" class=\"alignright size-thumbnail wp-image-331\" title=\"polaganje ruku i poravnanje energije\" src=\"https:\/\/www.akademijazdravlja.com\/cms\/wp-content\/uploads\/2012\/12\/polaganje-ruku-i-poravnanje-energije-150x150.png\" alt=\"polaganje ruku i poravnanje energije\" width=\"150\" height=\"150\" srcset=\"https:\/\/www.akademijazdravlja.com\/cms\/wp-content\/uploads\/2012\/12\/polaganje-ruku-i-poravnanje-energije-150x150.png 150w, https:\/\/www.akademijazdravlja.com\/cms\/wp-content\/uploads\/2012\/12\/polaganje-ruku-i-poravnanje-energije-90x90.png 90w\" sizes=\"auto, (max-width: 150px) 100vw, 150px\" \/><\/a><\/p>\n<p>\u00a0Polaganjem ruku na klijenta poti\u010de se energetski tok u samom fizi\u010dkom tijelu i otvaranje eteri\u010dnih tijela. Uskla\u0111eni tok energije u tijelu aktivira vibracije koje daju vidljive rezultate i pokazuju realne promjene na fizi\u010dkom i eteri\u010dnim tijelima. Znanost je ve\u0107 dokazala kako poreme\u0107aji najprije po\u010dinju na energetskom tijelu, a tek se potom preslikavaju na fizi\u010dko tijelo. Stoga je rad s energijama preventiva i rje\u0161avanje poreme\u0107aja u njihovom samom izvoru<\/p>\n<p><strong style=\"text-align: justify;\"><em>Kori\u0161tenje ure\u0111aja Power tube i Power quick zap<\/em><\/strong><\/p>\n<p><a href=\"https:\/\/www.akademijazdravlja.com\/cms\/wp-content\/uploads\/2012\/12\/quick-zap-i-energoterapija.png\"><img loading=\"lazy\" decoding=\"async\" class=\" wp-image-332 alignleft\" title=\"power quick zap i energoterapija\" src=\"https:\/\/www.akademijazdravlja.com\/cms\/wp-content\/uploads\/2012\/12\/quick-zap-i-energoterapija-300x171.png\" alt=\"power quick zap i energoterapija\" width=\"240\" height=\"137\" srcset=\"https:\/\/www.akademijazdravlja.com\/cms\/wp-content\/uploads\/2012\/12\/quick-zap-i-energoterapija-300x171.png 300w, https:\/\/www.akademijazdravlja.com\/cms\/wp-content\/uploads\/2012\/12\/quick-zap-i-energoterapija.png 491w\" sizes=\"auto, (max-width: 240px) 100vw, 240px\" \/><\/a>Power tube i Power quick zap ure\u0111aji se koriste tijekom terapija za smanjenje i eliminiranje fizi\u010dke boli do koje dolazi kada se energija u stanicama blokira odnosno kad nema slobodnog strujanja energije kroz tijelo.\u00a0 Zahvaljuju\u0107i jednostavnoj upotrebi ove ure\u0111aje svatko mo\u017ee koristiti te za njihovo kori\u0161tenje nije potrebno posjedovati nikakvo stru\u010dno znanje.<\/p>\n<p style=\"text-align: justify;\">Ostale tehnike koje se koriste temelje se na verbalnoj i energetskoj komunikaciji:<\/p>\n<ul style=\"text-align: justify;\">\n<li><strong><em>Otvaranje, \u010di\u0161\u0107enje, energiziranje i stabiliziranje \u010dakri Pranic Healing metodom<\/em><\/strong><\/li>\n<li><strong><em>Popu\u0161tanje i opu\u0161tanje misli i \u017eiv\u010danog sistema<\/em><\/strong><\/li>\n<li><strong><em>Tehnike rada na uskla\u0111ivanju\u00a0 svijesti\/podsvijesti<\/em><\/strong><\/li>\n<li><strong><em>Otvaranje emocionalnog srca<\/em><\/strong><\/li>\n<li><strong><em>Ra\u0161\u010di\u0161\u0107avanje ili ure\u0111enje odnosa sa nekom osobom ili prekidanje odnosa sa pojedinom osobom\/situacijom<\/em><\/strong><\/li>\n<li><strong><em>Putovanje vremenskom linijom<\/em><\/strong><\/li>\n<li><strong><em>Postavljanje pozitivnog\u00a0 sidra (sidrenje) na uspjeh ili pozitivni rezultat<\/em><\/strong><\/li>\n<li><strong><em>Opu\u0161tanje uz hipnozu<\/em><\/strong><\/li>\n<li><strong><em>Postavljanje pozitivne afirmacije hipnozom<\/em><\/strong><\/li>\n<li><strong><em>Osloba\u0111anje od fobija<\/em><\/strong><\/li>\n<\/ul>\n<p>Kori\u0161tenjem navedenih metoda i tehnika smanjuju se ili uklanjaju prepreke koje se nalaze u podsvijesti klijenta ili u na\u010dinu na koji isti do\u017eivljava svijet oko sebe. Ponekad je va\u017eno zahtijevati da klijent promijeni svoj odnos prema navikama, obi\u010dajima, na\u010dinima reagiranja na situacije te op\u0107enito na stil \u017eivota i namjere s kojima \u017eivi. Tijekom terapije se ujedno mijenja i odnos prema odgojnim metodama i porodi\u010dnim odnosima.<\/p>\n<p>U\u010dinak promjene manifestira se, izme\u0111u ostalog, u smanjenju pritiska u krvi i krvnim \u017eilama. Stezanje u predjelu prsa i \u017eeluca, ukoliko je prisutno, smanjuje se ili u potpunosti nestaje. U eteri\u010dnim tijelima postoji niz energetskih prepreka koje utje\u010du na koli\u010dinu i kvalitetu duhovne\/bo\u017eanske\/kozmi\u010dke energije koja ulazi u tijelo.<\/p>\n<p>Radom na auri i \u010dakrama, \u010di\u0161\u0107enjem eteri\u010dnog tijela i tokova energije posti\u017ee se kontinuitet ulaska ispravne i kvalitetne energije u tijelo, a to nam omogu\u0107uje da vodimo radostan i kvalitetan \u017eivot.<\/p>\n<p style=\"text-align: justify;\"><a title=\"Kontakt\" href=\"https:\/\/www.akademijazdravlja.com\/cms\/kontakt\/\">Po\u0161aljite upit za privatni termin i saznajte \u00a0\u0161to bi bilo najbolje rje\u0161enje va\u0161ih specifi\u010dnih problema<\/a><\/p>\n","protected":false},"excerpt":{"rendered":"<p>Iscjeljivanje podrazumijeva djelovanje na energetski tok u tijelu pojedinog klijenta. U\u010dinak iscjeljivanja je uo\u010dljiv na fizi\u010dkom tijelu, u vidu smanjenja i prestanka bolova, osje\u0107aja lako\u0107e u tijelu te pove\u0107anja svijesti. &hellip; <\/p>\n","protected":false},"author":1,"featured_media":0,"parent":0,"menu_order":0,"comment_status":"open","ping_status":"open","template":"","meta":{"om_disable_all_campaigns":false,"_exactmetrics_skip_tracking":false,"_exactmetrics_sitenote_active":false,"_exactmetrics_sitenote_note":"","_exactmetrics_sitenote_category":0,"_monsterinsights_skip_tracking":false,"_monsterinsights_sitenote_active":false,"_monsterinsights_sitenote_note":"","_monsterinsights_sitenote_category":0,"footnotes":""},"class_list":["post-24","page","type-page","status-publish","hentry"],"aioseo_notices":[],"_links":{"self":[{"href":"https:\/\/www.akademijazdravlja.com\/cms\/wp-json\/wp\/v2\/pages\/24","targetHints":{"allow":["GET"]}}],"collection":[{"href":"https:\/\/www.akademijazdravlja.com\/cms\/wp-json\/wp\/v2\/pages"}],"about":[{"href":"https:\/\/www.akademijazdravlja.com\/cms\/wp-json\/wp\/v2\/types\/page"}],"author":[{"embeddable":true,"href":"https:\/\/www.akademijazdravlja.com\/cms\/wp-json\/wp\/v2\/users\/1"}],"replies":[{"embeddable":true,"href":"https:\/\/www.akademijazdravlja.com\/cms\/wp-json\/wp\/v2\/comments?post=24"}],"version-history":[{"count":16,"href":"https:\/\/www.akademijazdravlja.com\/cms\/wp-json\/wp\/v2\/pages\/24\/revisions"}],"predecessor-version":[{"id":2493,"href":"https:\/\/www.akademijazdravlja.com\/cms\/wp-json\/wp\/v2\/pages\/24\/revisions\/2493"}],"wp:attachment":[{"href":"https:\/\/www.akademijazdravlja.com\/cms\/wp-json\/wp\/v2\/media?parent=24"}],"curies":[{"name":"wp","href":"https:\/\/api.w.org\/{rel}","templated":true}]}}